
Let h(f) = f**2 - 10*f + 8. Let s be h(8). Let k = s - -14. Suppose -3*p = -k*p + 39. What is the tens digit of p?
1
What is the units digit of ((-99)/(-22))/((-2)/(-4))?
9
Let a(q) = 9*q**2 - q - 1. Let n be a(-1). Let v be 9/(-6) + n/(-6). What is the units digit of (v + 2)*(-3 + -4)?
7
Let f(z) = z + 2. Let y be f(-8). Let k be (-14)/6 - (-3)/9. Let l = k - y. What is the units digit of l?
4
Let c = 0 - -3. Suppose -2*b + c*b = -1. Let u(y) = 17*y**2 - 1. What is the tens digit of u(b)?
1
What is the units digit of 16 - ((-9)/(-3) - 3)?
6
Suppose -2*m + 210 = 5*t, -5*m + 59 = -2*t - 495. Suppose 4*n + m = 3*r, -2*r - r + 115 = -5*n. What is the tens digit of r?
3
Suppose -9*f = -14 - 535. What is the tens digit of f?
6
Let x = -19 + 37. What is the tens digit of x?
1
Suppose -7*g - 5*a - 83 = -10*g, 5*g - 2*a = 151. What is the tens digit of g?
3
What is the units digit of (7 - (0 + 3)) + 12?
6
Suppose -3*i + 47 = 4*v, 30 = 2*i + 4*v - v. What is the tens digit of i?
2
Let j(q) = -7*q - 8. Let y(n) = -8*n - 9. Let s(l) = 4*j(l) - 3*y(l). What is the units digit of s(-5)?
5
Suppose -2*a - 12 = -4*a. Suppose 0 = a*p - 19 - 5. What is the units digit of p?
4
What is the units digit of (400/(-48))/(1/(-15))?
5
Suppose 2*t = 7*t + 10, -2*t + 1151 = -5*m. What is the tens digit of 2/(-8) + m/(-12)?
1
Suppose -24 + 0 = 3*s. Let n be 4/3*81/(-6). Let h = s - n. What is the tens digit of h?
1
Let d be -4*((-3)/(-2) + -2). Suppose -2*t - 4 = -d. Let i(o) = -4*o + 1. What is the units digit of i(t)?
5
Suppose -4*u = -5*a - 9 - 25, u + 3*a = 0. Let x = 13 + u. What is the units digit of x + -2 - 2 - 2?
3
Suppose 3*z + 230 = 5*n, n - z - 66 = -18. What is the units digit of n?
3
Let i = 0 + -3. Let o = i + 3. Suppose 4*w + s - 8 = o, w - 3*s = 4*w - 6. What is the units digit of w?
2
Let u be ((-36)/10)/((-12)/160). Let n = u + -27. What is the tens digit of n?
2
Suppose 0 = -11*c + 9*c + 98. What is the tens digit of c?
4
Let v(k) = 57*k**3 - k**2. Suppose -4*o + 2*l = 4, -4*l = 3*o - 12 - 7. What is the units digit of v(o)?
6
Let q be 377/(-39)*(-1 + -2). Suppose -x = -5*s + 23, -q = -4*s - 9. What is the units digit of x?
2
Let f be (-2 + 2 - -3) + -3. Suppose m = 2*q + 24, f*q = m - 4*q - 26. What is the tens digit of m?
2
Let z be 32/6 - 2/6. Suppose -z*l + 34 = -26. What is the tens digit of l?
1
Let h = 7 - 6. Let y(c) = 5*c - 1 - 3*c + 4*c. What is the units digit of y(h)?
5
Suppose 4*o = 19 - 7. Suppose o*r + 5 = 26. What is the units digit of 46/14 - 2/r?
3
Suppose 0 = 3*j - 0*j - 87. What is the tens digit of j?
2
Let j be (-4)/6 + 55/15. Suppose -114 = -0*a - j*a. Suppose -k = 3*y - 13, -2*k - 2*y = -0*y - a. What is the units digit of k?
2
Suppose -5*f = z - 3*z - 39, f - 2*z - 3 = 0. Let q = f - 2. What is the units digit of q?
7
Suppose b = 4 - 2. Suppose b*s - 5 = -5*u, -s + 2*u + 3 = 5*u. Suppose s = -f, 3*f - 4 = -2*o - 0*f. What is the units digit of o?
2
Suppose 2*t - 4 = 4*t + 4*l, -6 = 3*l. Suppose -5 = -z - t. Suppose z*n = 5*n - 14. What is the units digit of n?
7
Suppose 2*d + 18 = 3*l + l, d = -5*l + 5. What is the units digit of (44/6)/(d/(-15))?
2
Let r = 115 - 70. Let x = -44 + 13. Let p = x + r. What is the units digit of p?
4
Let p(w) = 24*w - 36. What is the units digit of p(8)?
6
Let x(p) = p - 5. Let t be x(-4). Let a be (t/6)/(2/(-8)). Suppose 3*r - a = r. What is the units digit of r?
3
Suppose 3*h + 3*i = -141, -3*h - 113 = -3*i - i. Let u = -23 - h. What is the units digit of u?
0
Suppose 0 = 2*k - k - 13. Suppose 4*s - 4*x - k = 7, -3*s = 4*x - 8. Suppose 0 = 5*h - s*h - 2. What is the units digit of h?
2
Suppose -3*y - 11 = 3*b + 2*b, -4*y + 2*b + 20 = 0. Let c = y + -1. Suppose -j + 2*j + 22 = 3*w, -4*w = c*j - 36. What is the units digit of w?
8
Let n = 18 + -28. Let v = -8 - n. What is the units digit of v?
2
Let d(k) = -2*k. Suppose 0*p = -4*p - 36. Let j be d(p). Let a = j - 6. What is the tens digit of a?
1
Let a = -5 - -9. What is the units digit of a?
4
Let j(m) = m**2 - 6*m - 3. What is the units digit of j(-6)?
9
Let v = 109 + -73. Let p(n) = -n**2 - 7*n + 3. Let i be p(-7). Suppose -i*q = q - v. What is the units digit of q?
9
Suppose -2*p + 6*p = 116. What is the units digit of p?
9
Let w = 8 + -5. Suppose 0*y + 12 = -w*y. Let p = y + 7. What is the units digit of p?
3
What is the units digit of 1/(0 - -1)*43?
3
Suppose 476 = 2*m + z, -227 = -m + z + 4*z. What is the hundreds digit of m?
2
Let d(a) = 5*a**2 - 2*a - 12. Let t(c) = 4*c**2 - 3*c - 11. Let i(h) = -3*d(h) + 4*t(h). What is the units digit of i(8)?
8
Let a be -1*1 - (1 - 11). Let b(y) = -y**3 + 9*y**2 - 3. Let o be b(a). What is the units digit of (0 - 1)*(0 + o)?
3
Suppose -3*u + 121 + 143 = 0. What is the units digit of u?
8
What is the tens digit of (1 + 4)*66/5?
6
Let g(v) = -v**2 + 9*v - 8. Let u be g(7). Let w = 12 - u. What is the units digit of w?
6
Let i = 2 + -3. Let z = 3 + i. What is the units digit of z?
2
Let l = -104 + 190. What is the units digit of l?
6
Suppose 372 = 12*c - 9*c. What is the tens digit of c?
2
Let p(u) = u**2 - 18*u + 27. What is the tens digit of p(19)?
4
Let i(d) = d**3 + 10*d**2 + 7*d - 7. Let r be ((-27)/(-2 - 1))/(-1). What is the tens digit of i(r)?
1
Suppose -u - 7*u + 56 = 0. Let x(i) = i**2 - 6*i + 2. Let t be x(6). Suppose -30 = t*c - u*c. What is the units digit of c?
6
Let x = -62 - -95. What is the tens digit of x?
3
Suppose 4*g + 5*y - 5 = -0*y, -y - 28 = -5*g. What is the units digit of g?
5
Let a(p) = 43*p**3 - p**2 + p - 1. What is the units digit of a(1)?
2
Let z be -3*(0 + 1/(-3)). Let o be 0 + 1 + 0 - z. Suppose -5 + o = -y. What is the units digit of y?
5
Let j = 339 + -234. What is the hundreds digit of j?
1
Suppose 0 = -5*o + 97 + 283. What is the units digit of o?
6
Let k(f) = -3*f**3 - 5*f**2 - 67. Let n(s) = 2*s**3 + 3*s**2 + 45. Let g(r) = 5*k(r) + 8*n(r). What is the units digit of g(0)?
5
Suppose 4*z = 75 - 3. What is the tens digit of z?
1
Suppose 0 = -2*a - 2*a + 12. Suppose 2*g - 4*g + a = x, 2*g - 6 = 2*x. Let m = x + 4. What is the units digit of m?
3
Suppose -5*h - 84 = -9*h. What is the units digit of h?
1
Suppose -2*p + 4*p = 48. Suppose -p = 5*x - x. Let b = 1 - x. What is the units digit of b?
7
Suppose -2*v - 8 = 2*o, v = 4*o + 21 - 5. Let a(q) = q**2 - 3. What is the units digit of a(o)?
3
Suppose 3*y + 6 = -a - y, 0 = 5*a + 4*y - 2. Suppose 0*x - 3*x + 123 = 4*t, a*t = 5*x + 29. What is the tens digit of t?
2
Let g = 7 - 10. Suppose 9 = r - 4*y, 2*r = 3*y + 12 + 1. Let v = r + g. What is the units digit of v?
2
Let p = 285 - 164. What is the units digit of p?
1
Suppose 0 = 2*w - 2. What is the units digit of w + 2 + -2 - -9?
0
Let j = -11 + 2. Let g(y) = -5 + y**2 + y + 5*y + 2*y + 0*y. What is the units digit of g(j)?
4
Let w be 2/6 - 15/(-9). Let q = -1 + w. Let t(d) = 2*d - 1. What is the units digit of t(q)?
1
Let c be (-14)/(-2) + 2 + 1. Let q(v) = -v**3 + 9*v**2 + 10*v + 2. Let i be q(c). Let b = 1 + i. What is the units digit of b?
3
Let t(d) = 6 - 4 - 3*d - 4. Let f(y) = y**2 - 5*y + 4. Let b be f(3). What is the units digit of t(b)?
4
Suppose 0 = -5*c + 14*c - 891. What is the units digit of c?
9
Suppose g - 276 = -o - 0*o, o - 4*g - 296 = 0. What is the units digit of o?
0
Suppose -l + 96 = 3*l. What is the units digit of l?
4
Let n(u) = -2*u + 23. Let a be n(10). Suppose 0 = a*o - b - 25, 4*b + 24 = 3*o - 4. What is the units digit of o?
8
Let l(n) = n**2 + 8*n - 2. What is the tens digit of l(-11)?
3
Suppose 90 = r - 2*r. What is the tens digit of r/(-8) + (-24)/(-32)?
1
Let b be (-75)/6*(-12)/(-15). What is the units digit of (18/5)/((-4)/b)?
9
Let d be (-9)/(-18) + 39/2. Suppose -8*a - d = -9*a. What is the units digit of a?
0
Let c = 843 - 455. Suppose 4*d - 479 = -5*z, z + z + c = 3*d. What is the units digit of d/15 - 4/10?
8
Suppose -5*a = 10 + 5. Let l(m) = m**2 + m + 3. What is the units digit of l(a)?
9
Suppose 117 + 99 = 3*t. What is the units digit of t?
2
Let t(s) = 4*s**2 - 6*s - 14. What is the units digit of t(5)?
6
Let w(t) = -2*t - 8. Suppose -5*a + 20 = -0*a. Suppose 3*s - a*s = 7. What is the units digit of w(s)?
6
Let b(c) = c**3 - 4*c**2 + 5*c - 2. Let g be b(3). Suppose -6*t - 2 = -g*t. What is the units digit of (-4)/(12/39)*t?